{"id":210,"date":"2016-11-10T08:22:27","date_gmt":"2016-11-10T07:22:27","guid":{"rendered":"http:\/\/rodkauczuk.bydgoszcz.pl\/?page_id=210"},"modified":"2016-11-16T20:48:15","modified_gmt":"2016-11-16T19:48:15","slug":"ogrod","status":"publish","type":"page","link":"https:\/\/rodkauczuk.pl\/index.php\/wladze-rod-z-godzinami-przyjec\/ogrod\/","title":{"rendered":"Ogr\u00f3d"},"content":{"rendered":"<style type=\"text\/css\">\n\t<!-- @page { size: 21cm 29.7cm; margin: 2cm } P { margin-bottom: 0.21cm } --><br \/>\n\t<\/style>\n<p><span style=\"color: #444444;\"><span style=\"font-family: inherit;\"><span style=\"font-size: large;\"><b>Ogr\u00f3d zosta\u0142 za\u0142o\u017cony w marcu 1966 r.<\/b><\/span><\/span><\/span><\/p>\n<p><span style=\"color: #444444;\"><span style=\"font-family: inherit;\"><span style=\"font-size: large;\"><b>Pocz\u0105tkowo jako Pracowniczy Ogr\u00f3d Dzia\u0142kowy przy Bydgoskich Zak\u0142adach Przemys\u0142u Gumowego \u201eKauczuk\u201d<\/b><\/span><\/span><\/span><\/p>\n<p><span style=\"color: #444444;\"><span style=\"font-family: inherit;\"><span style=\"font-size: large;\"><b>Po przekszta\u0142ceniach ustrojowych i powstaniu Polskiego Zwi\u0105zku Dzia\u0142kowc\u00f3w w 1981 roku POD zmieni\u0142y nazw\u0119 na Rodzinne Ogrody Dzia\u0142kowe.<\/b><\/span><\/span><\/span><\/p>\n<p>&nbsp;<\/p>\n<p>&nbsp;<\/p>\n<style type=\"text\/css\">\n\t<!--\n\t\t@page { size: 21cm 29.7cm; margin: 2cm }\n\t\tP { margin-bottom: 0.21cm }\n\t-->\n\t<\/style>\n<p><span style=\"color: #339966;\"><span style=\"font-family: inherit;\"><span style=\"font-size: large;\"><b>Prosimy o wspomnienia jak i r\u00f3wnie\u017c o zdj\u0119cia.<\/b><\/span><\/span><\/span><\/p>\n","protected":false},"excerpt":{"rendered":"<p>Ogr\u00f3d zosta\u0142 za\u0142o\u017cony w marcu 1966 r. Pocz\u0105tkowo jako Pracowniczy Ogr\u00f3d Dzia\u0142kowy przy Bydgoskich Zak\u0142adach Przemys\u0142u Gumowego \u201eKauczuk\u201d Po przekszta\u0142ceniach ustrojowych i powstaniu Polskiego Zwi\u0105zku Dzia\u0142kowc\u00f3w w 1981 roku POD zmieni\u0142y nazw\u0119 na Rodzinne Ogrody Dzia\u0142kowe. &nbsp; &nbsp; Prosimy o wspomnienia jak i r\u00f3wnie\u017c o zdj\u0119cia.<\/p>\n","protected":false},"author":3,"featured_media":0,"parent":12,"menu_order":0,"comment_status":"closed","ping_status":"closed","template":"","meta":{"footnotes":""},"class_list":["post-210","page","type-page","status-publish","hentry"],"_links":{"self":[{"href":"https:\/\/rodkauczuk.pl\/index.php\/wp-json\/wp\/v2\/pages\/210","targetHints":{"allow":["GET"]}}],"collection":[{"href":"https:\/\/rodkauczuk.pl\/index.php\/wp-json\/wp\/v2\/pages"}],"about":[{"href":"https:\/\/rodkauczuk.pl\/index.php\/wp-json\/wp\/v2\/types\/page"}],"author":[{"embeddable":true,"href":"https:\/\/rodkauczuk.pl\/index.php\/wp-json\/wp\/v2\/users\/3"}],"replies":[{"embeddable":true,"href":"https:\/\/rodkauczuk.pl\/index.php\/wp-json\/wp\/v2\/comments?post=210"}],"version-history":[{"count":4,"href":"https:\/\/rodkauczuk.pl\/index.php\/wp-json\/wp\/v2\/pages\/210\/revisions"}],"predecessor-version":[{"id":242,"href":"https:\/\/rodkauczuk.pl\/index.php\/wp-json\/wp\/v2\/pages\/210\/revisions\/242"}],"up":[{"embeddable":true,"href":"https:\/\/rodkauczuk.pl\/index.php\/wp-json\/wp\/v2\/pages\/12"}],"wp:attachment":[{"href":"https:\/\/rodkauczuk.pl\/index.php\/wp-json\/wp\/v2\/media?parent=210"}],"curies":[{"name":"wp","href":"https:\/\/api.w.org\/{rel}","templated":true}]}}