{"id":212,"date":"2016-11-10T08:22:41","date_gmt":"2016-11-10T07:22:41","guid":{"rendered":"http:\/\/rodkauczuk.bydgoszcz.pl\/?page_id=212"},"modified":"2024-05-16T12:45:56","modified_gmt":"2024-05-16T10:45:56","slug":"zarzad","status":"publish","type":"page","link":"https:\/\/rodkauczuk.pl\/index.php\/wladze-rod-z-godzinami-przyjec\/zarzad\/","title":{"rendered":"W\u0142adze ROD"},"content":{"rendered":"<p style=\"text-align: center;\"><strong><u>Zarz\u0105d ROD \u201eKauczuk\u201d wybrany w dniu 13 kwietnia 2024 roku<\/u><\/strong><\/p>\n<p><strong>\u00a0<\/strong><\/p>\n<p><strong>Dariusz Zakrzewski\u00a0\u00a0\u00a0\u00a0\u00a0\u00a0\u00a0 Prezes Zarz\u0105du\u00a0\u00a0\u00a0\u00a0\u00a0\u00a0\u00a0\u00a0\u00a0\u00a0\u00a0\u00a0\u00a0\u00a0\u00a0\u00a0\u00a0\u00a0\u00a0\u00a0\u00a0\u00a0\u00a0\u00a0\u00a0\u00a0\u00a0\u00a0\u00a0\u00a0 \u00a0\u00a0\u00a0\u00a0\u00a0\u00a0Dzia\u0142ka 51<\/strong><\/p>\n<p><strong>Janusz Deja\u00a0\u00a0\u00a0\u00a0 \u00a0\u00a0\u00a0\u00a0\u00a0\u00a0\u00a0\u00a0\u00a0\u00a0\u00a0\u00a0\u00a0 \u00a0\u00a0\u00a0Vice Prezes Zarz\u0105du\u00a0\u00a0\u00a0\u00a0\u00a0\u00a0\u00a0\u00a0 \u00a0\u00a0\u00a0\u00a0\u00a0\u00a0\u00a0\u00a0\u00a0\u00a0\u00a0\u00a0\u00a0\u00a0\u00a0\u00a0\u00a0\u00a0\u00a0\u00a0 Dzia\u0142ka 52<\/strong><\/p>\n<p><strong>Stanis\u0142aw J\u0119drusik \u00a0\u00a0\u00a0\u00a0\u00a0\u00a0\u00a0\u00a0 Skarbnik \u00a0\u00a0\u00a0\u00a0\u00a0\u00a0\u00a0\u00a0\u00a0\u00a0\u00a0\u00a0\u00a0\u00a0\u00a0\u00a0\u00a0\u00a0\u00a0\u00a0\u00a0\u00a0\u00a0\u00a0\u00a0\u00a0\u00a0\u00a0\u00a0\u00a0\u00a0\u00a0\u00a0\u00a0\u00a0\u00a0\u00a0\u00a0\u00a0\u00a0\u00a0\u00a0\u00a0\u00a0\u00a0\u00a0\u00a0Dzia\u0142ka 64<\/strong><\/p>\n<p><strong>Magdalena Sieracka\u00a0\u00a0\u00a0\u00a0\u00a0\u00a0 Sekretarz \u00a0\u00a0\u00a0\u00a0\u00a0\u00a0\u00a0 \u00a0\u00a0\u00a0\u00a0\u00a0\u00a0\u00a0\u00a0\u00a0\u00a0\u00a0\u00a0\u00a0\u00a0\u00a0\u00a0\u00a0\u00a0\u00a0\u00a0\u00a0\u00a0\u00a0\u00a0\u00a0\u00a0\u00a0\u00a0\u00a0\u00a0\u00a0\u00a0\u00a0\u00a0\u00a0\u00a0\u00a0\u00a0Dzia\u0142ka 3<\/strong><\/p>\n<p><strong>Dariusz Kubiak \u00a0\u00a0\u00a0\u00a0\u00a0\u00a0 \u00a0\u00a0\u00a0\u00a0\u00a0\u00a0\u00a0\u00a0\u00a0Cz\u0142onek Zarz\u0105du\u00a0\u00a0\u00a0\u00a0 \u00a0\u00a0\u00a0\u00a0\u00a0\u00a0\u00a0\u00a0\u00a0\u00a0\u00a0\u00a0\u00a0\u00a0\u00a0\u00a0\u00a0\u00a0\u00a0\u00a0\u00a0\u00a0\u00a0\u00a0\u00a0\u00a0\u00a0 \u00a0Dzia\u0142ka 42<\/strong><\/p>\n<p><strong>\u00a0<\/strong><\/p>\n<p><strong><u>Komisja Rewizyjna<\/u><\/strong><\/p>\n<p><strong>\u00a0<\/strong><\/p>\n<p><strong>Agnieszka Zalewska\u00a0\u00a0\u00a0\u00a0\u00a0\u00a0 \u00a0\u00a0 Przewodnicz\u0105ca Komisji Rewizyjnej \u00a0\u00a0 Dzia\u0142ka 91<\/strong><\/p>\n<p><strong>El\u017cbieta Szymczyk \u00a0\u00a0\u00a0\u00a0\u00a0\u00a0\u00a0\u00a0\u00a0 \u00a0\u00a0\u00a0Cz\u0142onek Komisji Rewizyjnej\u00a0\u00a0\u00a0\u00a0\u00a0\u00a0 \u00a0\u00a0\u00a0\u00a0\u00a0\u00a0\u00a0\u00a0\u00a0\u00a0\u00a0 Dzia\u0142ka 94<\/strong><\/p>\n<p><strong>Kamil Zieli\u0144ski\u00a0 \u00a0 \u00a0 \u00a0 \u00a0 \u00a0 \u00a0 \u00a0 \u00a0 \u00a0 Cz\u0142onek Komisji Rewizyjnej\u00a0\u00a0\u00a0\u00a0\u00a0\u00a0 \u00a0\u00a0\u00a0\u00a0 \u00a0\u00a0\u00a0\u00a0\u00a0\u00a0\u00a0Dzia\u0142ka 68<\/strong><\/p>\n<p><strong>\u00a0<\/strong><\/p>\n<p><strong>Gospodarz ogrodu\u00a0 \u00a0\u00a0\u00a0\u00a0\u00a0\u00a0\u00a0\u00a0\u00a0Pawe\u0142 Zdrojewski\u00a0\u00a0\u00a0\u00a0\u00a0\u00a0\u00a0\u00a0\u00a0\u00a0\u00a0\u00a0\u00a0\u00a0\u00a0\u00a0\u00a0\u00a0\u00a0\u00a0\u00a0\u00a0\u00a0\u00a0\u00a0\u00a0\u00a0\u00a0\u00a0\u00a0\u00a0\u00a0\u00a0\u00a0\u00a0\u00a0\u00a0\u00a0 Dzia\u0142ka 106<\/strong><\/p>\n<p><strong>\u00a0<\/strong><\/p>\n<p><strong><u>Zarz\u0105d zbiera si\u0119 w ka\u017cd\u0105 1 sobot\u0119 miesi\u0105ca o godz. 11.00<\/u><\/strong><\/p>\n<p><strong><u>Zaplanowane terminy posiedze\u0144 w 2024 roku<\/u><\/strong><strong>: 1 czerwca, 6 lipca, 3 sierpnia, 7 wrze\u015bnia, 5 pa\u017adziernika, 9 listopada oraz 7 grudnia.<\/strong><\/p>\n<p><strong><u>Zaplanowane terminy posiedze\u0144 w 2025 roku: <\/u><\/strong><strong>4 stycznia, 1 luty, 1 marca, 5 kwietnia, 10 maja<\/strong><\/p>\n<p><strong>Ewentualne zmiany podawane s\u0105 w komunikatach.<\/strong><\/p>\n","protected":false},"excerpt":{"rendered":"<p>Zarz\u0105d ROD \u201eKauczuk\u201d wybrany w dniu 13 kwietnia 2024 roku \u00a0 Dariusz Zakrzewski\u00a0\u00a0\u00a0\u00a0\u00a0\u00a0\u00a0 Prezes Zarz\u0105du\u00a0\u00a0\u00a0\u00a0\u00a0\u00a0\u00a0\u00a0\u00a0\u00a0\u00a0\u00a0\u00a0\u00a0\u00a0\u00a0\u00a0\u00a0\u00a0\u00a0\u00a0\u00a0\u00a0\u00a0\u00a0\u00a0\u00a0\u00a0\u00a0\u00a0 \u00a0\u00a0\u00a0\u00a0\u00a0\u00a0Dzia\u0142ka 51 Janusz Deja\u00a0\u00a0\u00a0\u00a0 \u00a0\u00a0\u00a0\u00a0\u00a0\u00a0\u00a0\u00a0\u00a0\u00a0\u00a0\u00a0\u00a0 \u00a0\u00a0\u00a0Vice Prezes Zarz\u0105du\u00a0\u00a0\u00a0\u00a0\u00a0\u00a0\u00a0\u00a0 \u00a0\u00a0\u00a0\u00a0\u00a0\u00a0\u00a0\u00a0\u00a0\u00a0\u00a0\u00a0\u00a0\u00a0\u00a0\u00a0\u00a0\u00a0\u00a0\u00a0 Dzia\u0142ka 52 Stanis\u0142aw J\u0119drusik \u00a0\u00a0\u00a0\u00a0\u00a0\u00a0\u00a0\u00a0 Skarbnik \u00a0\u00a0\u00a0\u00a0\u00a0\u00a0\u00a0\u00a0\u00a0\u00a0\u00a0\u00a0\u00a0\u00a0\u00a0\u00a0\u00a0\u00a0\u00a0\u00a0\u00a0\u00a0\u00a0\u00a0\u00a0\u00a0\u00a0\u00a0\u00a0\u00a0\u00a0\u00a0\u00a0\u00a0\u00a0\u00a0\u00a0\u00a0\u00a0\u00a0\u00a0\u00a0\u00a0\u00a0\u00a0\u00a0\u00a0Dzia\u0142ka 64 Magdalena Sieracka\u00a0\u00a0\u00a0\u00a0\u00a0\u00a0 Sekretarz \u00a0\u00a0\u00a0\u00a0\u00a0\u00a0\u00a0 \u00a0\u00a0\u00a0\u00a0\u00a0\u00a0\u00a0\u00a0\u00a0\u00a0\u00a0\u00a0\u00a0\u00a0\u00a0\u00a0\u00a0\u00a0\u00a0\u00a0\u00a0\u00a0\u00a0\u00a0\u00a0\u00a0\u00a0\u00a0\u00a0\u00a0\u00a0\u00a0\u00a0\u00a0\u00a0\u00a0\u00a0\u00a0Dzia\u0142ka 3 Dariusz Kubiak \u00a0\u00a0\u00a0\u00a0\u00a0\u00a0 \u00a0\u00a0\u00a0\u00a0\u00a0\u00a0\u00a0\u00a0\u00a0Cz\u0142onek Zarz\u0105du\u00a0\u00a0\u00a0\u00a0 \u00a0\u00a0\u00a0\u00a0\u00a0\u00a0\u00a0\u00a0\u00a0\u00a0\u00a0\u00a0\u00a0\u00a0\u00a0\u00a0\u00a0\u00a0\u00a0\u00a0\u00a0\u00a0\u00a0\u00a0\u00a0\u00a0\u00a0 \u00a0Dzia\u0142ka 42 \u00a0 Komisja Rewizyjna \u00a0 Agnieszka Zalewska\u00a0\u00a0\u00a0\u00a0\u00a0\u00a0 \u00a0\u00a0 Przewodnicz\u0105ca Komisji [&hellip;]<\/p>\n","protected":false},"author":3,"featured_media":0,"parent":12,"menu_order":0,"comment_status":"closed","ping_status":"closed","template":"","meta":{"footnotes":""},"class_list":["post-212","page","type-page","status-publish","hentry"],"_links":{"self":[{"href":"https:\/\/rodkauczuk.pl\/index.php\/wp-json\/wp\/v2\/pages\/212","targetHints":{"allow":["GET"]}}],"collection":[{"href":"https:\/\/rodkauczuk.pl\/index.php\/wp-json\/wp\/v2\/pages"}],"about":[{"href":"https:\/\/rodkauczuk.pl\/index.php\/wp-json\/wp\/v2\/types\/page"}],"author":[{"embeddable":true,"href":"https:\/\/rodkauczuk.pl\/index.php\/wp-json\/wp\/v2\/users\/3"}],"replies":[{"embeddable":true,"href":"https:\/\/rodkauczuk.pl\/index.php\/wp-json\/wp\/v2\/comments?post=212"}],"version-history":[{"count":52,"href":"https:\/\/rodkauczuk.pl\/index.php\/wp-json\/wp\/v2\/pages\/212\/revisions"}],"predecessor-version":[{"id":1160,"href":"https:\/\/rodkauczuk.pl\/index.php\/wp-json\/wp\/v2\/pages\/212\/revisions\/1160"}],"up":[{"embeddable":true,"href":"https:\/\/rodkauczuk.pl\/index.php\/wp-json\/wp\/v2\/pages\/12"}],"wp:attachment":[{"href":"https:\/\/rodkauczuk.pl\/index.php\/wp-json\/wp\/v2\/media?parent=212"}],"curies":[{"name":"wp","href":"https:\/\/api.w.org\/{rel}","templated":true}]}}

Władze ROD

<p style="text-align: center;"><strong><u>Zarząd ROD „Kauczuk” wybrany w dniu 13 kwietnia 2024 roku</u></strong></p>
<p><strong> </strong></p>
<p><strong>Dariusz Zakrzewski        Prezes Zarządu                                     Działka 51</strong></p>
<p><strong>Janusz Deja                      Vice Prezes Zarządu                              Działka 52</strong></p>
<p><strong>Stanisław Jędrusik          Skarbnik                                                Działka 64</strong></p>
<p><strong>Magdalena Sieracka       Sekretarz                                               Działka 3</strong></p>
<p><strong>Dariusz Kubiak                 Członek Zarządu                                  Działka 42</strong></p>
<p><strong> </strong></p>
<p><strong><u>Komisja Rewizyjna</u></strong></p>
<p><strong> </strong></p>
<p><strong>Agnieszka Zalewska          Przewodnicząca Komisji Rewizyjnej    Działka 91</strong></p>
<p><strong>Elżbieta Szymczyk              Członek Komisji Rewizyjnej                   Działka 94</strong></p>
<p><strong>Kamil Zieliński                    Członek Komisji Rewizyjnej                   Działka 68</strong></p>
<p><strong> </strong></p>
<p><strong>Gospodarz ogrodu           Paweł Zdrojewski                                       Działka 106</strong></p>
<p><strong> </strong></p>
<p><strong><u>Zarząd zbiera się w każdą 1 sobotę miesiąca o godz. 11.00</u></strong></p>
<p><strong><u>Zaplanowane terminy posiedzeń w 2024 roku</u></strong><strong>: 1 czerwca, 6 lipca, 3 sierpnia, 7 września, 5 października, 9 listopada oraz 7 grudnia.</strong></p>
<p><strong><u>Zaplanowane terminy posiedzeń w 2025 roku: </u></strong><strong>4 stycznia, 1 luty, 1 marca, 5 kwietnia, 10 maja</strong></p>
<p><strong>Ewentualne zmiany podawane są w komunikatach.</strong></p>

<p>Zarząd ROD „Kauczuk” wybrany w dniu 13 kwietnia 2024 roku   Dariusz Zakrzewski        Prezes Zarządu                                     Działka 51 Janusz Deja                      Vice Prezes Zarządu                              Działka 52 Stanisław Jędrusik          Skarbnik                                                Działka 64 Magdalena Sieracka       Sekretarz                                               Działka 3 Dariusz Kubiak                 Członek Zarządu                                  Działka 42   Komisja Rewizyjna   Agnieszka Zalewska          Przewodnicząca Komisji [&hellip;]</p>
