{"id":214,"date":"2016-11-10T08:22:49","date_gmt":"2016-11-10T07:22:49","guid":{"rendered":"http:\/\/rodkauczuk.bydgoszcz.pl\/?page_id=214"},"modified":"2022-02-22T11:37:42","modified_gmt":"2022-02-22T10:37:42","slug":"bank","status":"publish","type":"page","link":"https:\/\/rodkauczuk.pl\/index.php\/wladze-rod-z-godzinami-przyjec\/bank\/","title":{"rendered":"Bank"},"content":{"rendered":"<style type=\"text\/css\">\n\t<!-- @page { size: 21cm 29.7cm; margin: 2cm } P { margin-bottom: 0.21cm } --><br \/>\t<\/style>\n<p><span style=\"color: #000000; font-size: large;\"><span style=\"font-family: inherit;\"><b>Konto bankowe &#8211; op\u0142ata ogrodowa roczna, op\u0142ata za energi\u0119 oraz inne.<\/b><\/span><\/span><\/p>\n<p><span style=\"color: #3366ff; font-size: large;\"><span style=\"font-family: inherit;\"><b>Polski Zwi\u0105zek Dzia\u0142kowc\u00f3w<\/b><\/span><\/span><\/p>\n<p><span style=\"color: #3366ff; font-size: large;\"><span style=\"font-family: inherit;\"><b>Rodzinne Ogrody Dzia\u0142kowe \u201eKauczuk\u201d ul. Sporna 6 85-715 Bydgoszcz<\/b><\/span><\/span><\/p>\n<p><span style=\"color: #3366ff; font-size: xx-large;\"><span style=\"font-family: inherit;\"><b>18 8142 0007 0000 1371 2000 0002<\/b><\/span><\/span><\/p>\n<hr \/>\n<p>&nbsp;<\/p>\n<p><span style=\"color: #000000;\"><span style=\"font-size: 24px;\"><b>\u00a0\u00a0<\/b><\/span><\/span><\/p>\n","protected":false},"excerpt":{"rendered":"<p>Konto bankowe &#8211; op\u0142ata ogrodowa roczna, op\u0142ata za energi\u0119 oraz inne. Polski Zwi\u0105zek Dzia\u0142kowc\u00f3w Rodzinne Ogrody Dzia\u0142kowe \u201eKauczuk\u201d ul. Sporna 6 85-715 Bydgoszcz 18 8142 0007 0000 1371 2000 0002 &nbsp; \u00a0\u00a0<\/p>\n","protected":false},"author":3,"featured_media":0,"parent":12,"menu_order":0,"comment_status":"closed","ping_status":"closed","template":"","meta":{"footnotes":""},"class_list":["post-214","page","type-page","status-publish","hentry"],"_links":{"self":[{"href":"https:\/\/rodkauczuk.pl\/index.php\/wp-json\/wp\/v2\/pages\/214","targetHints":{"allow":["GET"]}}],"collection":[{"href":"https:\/\/rodkauczuk.pl\/index.php\/wp-json\/wp\/v2\/pages"}],"about":[{"href":"https:\/\/rodkauczuk.pl\/index.php\/wp-json\/wp\/v2\/types\/page"}],"author":[{"embeddable":true,"href":"https:\/\/rodkauczuk.pl\/index.php\/wp-json\/wp\/v2\/users\/3"}],"replies":[{"embeddable":true,"href":"https:\/\/rodkauczuk.pl\/index.php\/wp-json\/wp\/v2\/comments?post=214"}],"version-history":[{"count":9,"href":"https:\/\/rodkauczuk.pl\/index.php\/wp-json\/wp\/v2\/pages\/214\/revisions"}],"predecessor-version":[{"id":921,"href":"https:\/\/rodkauczuk.pl\/index.php\/wp-json\/wp\/v2\/pages\/214\/revisions\/921"}],"up":[{"embeddable":true,"href":"https:\/\/rodkauczuk.pl\/index.php\/wp-json\/wp\/v2\/pages\/12"}],"wp:attachment":[{"href":"https:\/\/rodkauczuk.pl\/index.php\/wp-json\/wp\/v2\/media?parent=214"}],"curies":[{"name":"wp","href":"https:\/\/api.w.org\/{rel}","templated":true}]}}